 0 = 4*l + 2*b - 124, -153 = -l - y*l - 2*b. What is the units digit of l?
9
Let n(z) = -z - 3. Let u(s) = -s**3 + 9*s**2 + 10*s - 6. Let c be u(10). What is the units digit of n(c)?
3
Let o(g) = 17*g**2 + 3*g - 2. Let w be o(2). Suppose 3*m + 2*y - 64 = 0, -5*m + w + 36 = 4*y. What is the tens digit of m?
2
Suppose 0 = 3*i - 7*i. What is the units digit of i + -34*4/(-8)?
7
Suppose 3 = 4*b - 13. What is the units digit of b?
4
Suppose 1 = -3*b + 7. Suppose b*h - 38 = -2*a, -h - a = 3*a - 16. What is the units digit of h?
0
Let h = 8 + -6. Suppose 3*r - 34 = -2*y, 7 - 1 = r - h*y. What is the units digit of r?
0
What is the units digit of 0 + 1/2*22?
1
Suppose 16*n = 12*n + 124. What is the tens digit of n?
3
Suppose -26*z + 21*z = -105. What is the units digit of z?
1
Suppose -6 = 5*f + 3*d, 2*d - 3 = d. What is the tens digit of (-424)/(-12) - 2/f?
3
Suppose b = -4*b - 4*g + 192, 6 = 2*g. Let i = b + -18. Let u = i + -12. What is the units digit of u?
6
Suppose -3*n + 4*a - 5 = 0, 3 - 1 = a. Suppose -2*h = n - 17. What is the units digit of h?
8
Let v(u) = -6*u**3 - 2*u**2 - u - 3. Let l(d) = d**3 + d**2 + d + 1. Let g(q) = 5*l(q) + v(q). Let p be g(4). What is the units digit of p - 1 - (2 + -8)?
7
Let a = -98 - -202. What is the tens digit of a?
0
Suppose 3*q = 5*q - 2. What is the units digit of q?
1
Let n(o) = -o + 11. Let t be n(6). Suppose -4*r - 9 = 5*y, 0*y - 45 = -5*r + t*y. What is the units digit of r?
4
Suppose 4*l - 2 - 2 = 0. Suppose -5*s = 6*x - x + 15, 5*s + x - l = 0. What is the units digit of s?
1
Let r = -13 - 17. Suppose 0*k - 4*k = -12. What is the tens digit of 2/6*(k - r)?
1
Let x(k) = k**3 - 6*k**2 - k - 9. What is the tens digit of x(7)?
3
Let n = -28 + 51. What is the units digit of n?
3
What is the units digit of 15/(-3)*-16*(-3)/(-5)?
8
Let v(a) = a**2 + 13. What is the units digit of v(-7)?
2
Let c = 12 + -6. Suppose -2*l - 2*j + j = -c, -3 = -3*l - 3*j. Suppose 9 = -0*t - t - 4*q, -l*t - 4*q = -19. What is the units digit of t?
7
What is the units digit of (1 - (-665)/25)/(2/5)?
9
Suppose 34*i + 60 = 38*i. What is the tens digit of i?
1
Let p(s) = 8*s + 21. Let k(d) = 3*d + 7. Let q(a) = -11*k(a) + 4*p(a). Let v be q(5). What is the units digit of (-7 + 0)/(1 - v)?
7
Suppose -8*h = -4*h - 388. What is the tens digit of h?
9
Suppose 5 = 2*s + 3*s - 5*m, m = -3*s - 9. What is the units digit of 0 - (-2)/(s - -4)?
1
Let a(x) = x**3 + 5*x**2 - 7*x - 1. Suppose -24 = 5*i + 1. What is the tens digit of a(i)?
3
Let w(y) = -y**3 + y**2 - 2*y + 33. Let i be w(0). Suppose i = 5*u - 102. What is the tens digit of u?
2
Suppose 3*p + 1 + 38 = 0. Let b = 14 + p. What is the units digit of b?
1
Suppose 12 = 4*j, -3*o + 0*o - 21 = 3*j. What is the units digit of o/(-25) + 136/10?
4
Let b be ((-24)/(-9))/((-1)/(-3)). Let w = 13 - b. What is the units digit of w?
5
Suppose 3*q + 35 = o, -5*o - q + 6*q = -155. What is the units digit of o?
9
What is the units digit of (72/(-2))/((-10)/(-75)*-3)?
0
Let c = 21 - -62. What is the tens digit of c?
8
Suppose -3 = 4*b - 15, -3*b = -2*g + 1. Suppose 3*w - g*w + 40 = 0. What is the units digit of w?
0
Let o = 5 - 0. Suppose 4*u = o*s - 4*s + 151, 0 = 2*u + 5*s - 81. What is the units digit of u?
8
Suppose 2 - 4 = -s. Suppose s*r + 13 - 41 = 0. Suppose o + r = 4*a - 0*a, 0 = -4*o + 8. What is the units digit of a?
4
Suppose 0 = u + 5*t - 6 - 14, -3*u - 4*t + 16 = 0. Suppose -2*z - 3*j + 21 = z, -2*z + 5*j + 7 = u. What is the units digit of z?
6
Suppose 0 = -v + 98 - 24. What is the tens digit of v?
7
Let b(q) = -2*q - 8. Let i = 117 - 76. Suppose -28 = k - 4*a, a + 4*a - i = 2*k. What is the units digit of b(k)?
8
Let m(r) = -r**3 + r**2 - 3*r - 1. What is the units digit of m(-4)?
1
Suppose 3*m - 2*m - 58 = 0. Suppose -11 - m = -3*q. What is the tens digit of q?
2
Suppose 0 = -4*a - 8 + 28, -3*f = a + 28. What is the units digit of (-57)/f - (-2)/(-11)?
5
Let i be 4/14 - 36/(-21). Suppose 7 = 5*x + i. Let h(q) = 5*q**3 - q**2 - q + 1. What is the units digit of h(x)?
4
Suppose 3*f - 4*f = 5*w - 68, 0 = -w + 4. What is the tens digit of f?
4
Let r be 1 + (-3 - -2) + 2. Suppose -r*m + 4 = -6. What is the units digit of m?
5
Let i be 28/(-16) - 1/4. Let r be -1 - (i - (2 + -1)). Suppose -45 = -r*b - 3*b. What is the units digit of b?
9
What is the tens digit of 24/2 + (-12)/6?
1
Suppose 0*d + d + x - 18 = 0, -62 = -3*d - x. Let p be (d/8)/(4/16). Let c = -8 + p. What is the units digit of c?
3
Let r(g) = -4*g - 14 - g - 2*g + 6. What is the tens digit of r(-8)?
4
Let y = -14 + 18. Suppose y*n - 76 = 48. What is the units digit of n?
1
Let u(w) = -w**2 + 5*w + 4. What is the units digit of u(4)?
8
Let j be (-10)/(-6) - 1/(-3). Suppose 8 = j*y - 0*y, -5*f = 5*y - 75. What is the tens digit of f?
1
Let i = 342 - 70. What is the units digit of i?
2
Suppose -4*c = -g - 14, 2*g + c - 2 - 6 = 0. Suppose 17 = -3*k + 3*p + 2, -3 = k + p. What is the units digit of -1*g - (k - 4)?
6
Suppose 93 - 3 = 9*l. What is the tens digit of l?
1
Let j be (-11)/(1/(1 - 0)). Let x = j + 20. What is the units digit of x?
9
Suppose 2*a + 902 = 3*w, -6*a + 5*a = -w + 299. What is the units digit of w?
4
Suppose -j = 5*u - 460, -4*u + 276 = -u + 3*j. What is the units digit of u?
2
Suppose t + 34 = z - 3*t, -5*z + 195 = 5*t. Let a = -25 + z. What is the units digit of a?
3
Let r be (4/16)/(2/72). What is the tens digit of (r/4)/((-9)/(-168))?
4
What is the tens digit of (-2110)/(-35) + 0 + (-4)/14?
6
Suppose 5*f + 76 = t - 0*t, -3*t + 228 = -f. What is the tens digit of t?
7
Let z = 26 - -3. What is the units digit of z?
9
Let k = 8 + -4. Suppose -k*v + 44 = 4*q, -3*q = -4*v + v - 33. What is the tens digit of q?
1
Suppose -f + 2*g + 92 = 0, 2*g - 338 = 3*f - 7*f. What is the tens digit of f?
8
Let x = -9 - -26. What is the tens digit of x?
1
Suppose -3*t = 3*t - 198. What is the units digit of t?
3
Let z be 4/12 - 33/(-9). What is the units digit of -1 - z*(-6 + 3)?
1
What is the tens digit of (3 + (-1938)/12)/((-1)/2)?
1
Let l(y) be the third derivative of 0*y + 0 + 1/2*y**3 - 1/3*y**4 - 1/60*y**5 - y**2. What is the tens digit of l(-6)?
1
Let q(v) be the third derivative of v**4/24 + v**3/3 + v**2. Let g be q(-2). Suppose g = -0*j + 5*j - 25. What is the units digit of j?
5
Let v = 5 - 4. Let g = 1 - v. Suppose 7*z + 39 = 3*o + 5*z, 3*o + 5*z - 18 = g. What is the tens digit of o?
1
Suppose 24*i = 20*i + 24. What is the units digit of i?
6
Suppose -2*i = 2*i - l + 172, -2*i - 86 = -5*l. Let k = -20 - i. What is the tens digit of k?
2
Suppose l = -4*l + 60. What is the tens digit of ((-24)/(-10))/(l/80)?
1
Let w(x) = x + 1. Let s be w(1). Suppose -s = q - 14. Suppose -3*d - q = 0, -4*y + 0*d + 28 = -4*d. What is the units digit of y?
3
Let h = 1 + -1. Suppose -5*o + 3*o - u + 34 = 0, h = -2*o - 2*u + 36. What is the units digit of o?
6
Let s be (-13)/(-3)*(-6)/(-2). Let u be (-1)/(-3)*(8 + -5). Suppose 4*y + 5*f + u = 0, -3*y - f + s = -0*f. What is the units digit of y?
6
Suppose -5*x + 6 = d - 4, -d - 2 = -x. Suppose -4*v + 3*v + 3*q - 4 = d, -5*v + 4*q = -13. Suppose v*w - 6*w + 4 = 0. What is the units digit of w?
4
Suppose 3*b - 104 = w + 2, -2*w = 4*b - 148. What is the tens digit of b?
3
Let x be (-1)/((-2)/(-18)*3). Let t = x + 10. What is the units digit of t?
7
Let k(s) be the second derivative of -s**4/12 + 13*s**3/6 - s**2 + 3*s. Let n be k(7). Let m = n - 28. What is the tens digit of m?
1
Suppose -3*y + 9 = -0. Let u = y + 7. What is the units digit of u?
0
Let d be 3*(64/6 - 2). Suppose -6*o = -2*o - 32. What is the units digit of (-2)/o - d/(-8)?
3
Let w(r) = r. Let o be w(8). Suppose -6*k + 2*k = 4*m + o, 2*k + 5*m = -16. What is the units digit of k?
2
Let z(i) be the third derivative of 7*i**4/12 - 5*i**3/6 + 4*i**2. What is the units digit of z(2)?
3
Let h(n) be the third derivative of n**4/12 + n**2. What is the units digit of h(4)?
8
Let v(h) = h**3 - 7*h**2 - h + 8. Let z be v(8). Let w be 16/88 + (-42)/(-11). Suppose -w*p + z = -4. What is the tens digit of p?
1
Let n = 16 + -11. Suppose -2*l - 5 = 3*w + 4, 0 = -n*l + 2*w + 25. Let x = 4 - l. What is the units digit of x?
1
Let c = 0 - -2. Suppose 0 = -c*f - 0*f + 24. What is the units digit of f?
2
Let t(h) = -h**2 - 7*h - 6. Let b be